{"id":3105,"date":"2025-07-21T03:28:36","date_gmt":"2025-07-21T03:28:36","guid":{"rendered":"https:\/\/andesvolcanicaatacama.com\/?page_id=3105"},"modified":"2025-07-21T03:53:46","modified_gmt":"2025-07-21T03:53:46","slug":"quienes-somos","status":"publish","type":"page","link":"https:\/\/andesvolcanicaatacama.com\/?page_id=3105","title":{"rendered":"Quienes Somos"},"content":{"rendered":"\n<p class=\"has-text-align-center has-large-font-size\"><strong>Bienvenidos!<\/strong><\/p>\n\n\n\n<p><\/p>\n\n\n\n<p class=\"has-medium-font-size\">Tenemos una vasta experiencia en actividades de aventuras en la naturaleza, desde la exploraci\u00f3n de las altas cumbres andinas, recorriendo desiertos, salares, valles, bosques y selvas fr\u00edas, navegando en los turbulentos mares australes, entre otras aventuras. Siempre intentando conocer respetuosamente &#8211; y si ellos lo permiten-aspectos significativos de los modos de vida de los habitantes y comunidades de cada uno de los lugares visitados, y en algunos casos, llegando a realizar las actividades que all\u00ed se desarrollan.<br>&nbsp; &nbsp; Actualmente estamos radicados en el desierto de Atacama organizando y realizando<br>desde paseos a la naturaleza y lugares de intereses culturales para todo p\u00fablico, en donde no se requiera esfuerzo f\u00edsico para desarrollar la actividad,&nbsp; hasta excursiones y expediciones de varios d\u00edas en el desierto de Atacama haciendo trekking por ca\u00f1ones profundos, junto al lecho de peque\u00f1os r\u00edos, recorriendo salares y volcanes, pasando por peque\u00f1os poblados ind\u00edgenas asentados en oasis, sitios arqueol\u00f3gicos y avistando fauna andina.<br>&nbsp; &nbsp; Nuestra visi\u00f3n del turismo se basa en la implementaci\u00f3n de 3 pilares que se integran en una experiencia integral:<br>A)&nbsp;<strong>El esp\u00edritu de aventura<\/strong>, expresado en el entusiasmo por descubrir mundos desconocidos posibilitado por la actitud receptiva de aceptar nuevas experiencias.<br>B)&nbsp;<strong>El contacto sensorial y contemplativo de la naturaleza<\/strong>, expresado en la apreciaci\u00f3n calmada de los parajes visitados, en donde los sentidos pueden captar las propiedades del medio natural, evitando el stress provocado por las grandes aglomeraciones que genera el turismo de consumo masivo- express.<br>C)<strong>La informaci\u00f3n relevante y el conocimiento<\/strong> que da sentido a los lugares de inter\u00e9s tur\u00edsticos,&nbsp;expresado en la&nbsp;aptitud&nbsp;por el saber y el esp\u00edritu investigativo, tanto en relaci\u00f3n a los grupos humanos que habitan en torno a los lugares visitados y su relaci\u00f3n con el entorno natural, as\u00ed como la flora y fauna asociada a esos parajes, la loca geograf\u00eda en que habitan, y los procesos geol\u00f3gicos que en \u00faltima instancia determinan el paisaje.<br><br>Nuestro inter\u00e9s principal es que los clientes tengan una experiencia completa, inolvidable que recuerden por siempre, en un ambiente seguro de cordialidad y respeto mutuo. Para ello gestionamos las excursiones de forma flexible de acuerdo a los deseos y requerimientos de los pasajeros brind\u00e1ndoles las mejores alternativas a sus necesidades.<br>Contamos con personal profesional y el equipamiento t\u00e9cnico requerido para realizar las actividades en condiciones seguras.<\/p>\n\n\n\n<div class=\"wp-block-cover is-light has-custom-content-position is-position-top-center\" style=\"min-height:100vh;aspect-ratio:unset;\"><img loading=\"lazy\" decoding=\"async\" width=\"1024\" height=\"768\" class=\"wp-block-cover__image-background wp-image-3086 size-large\" alt=\"\" src=\"https:\/\/andesvolcanicaatacama.com\/wp-content\/uploads\/2025\/07\/IMG_0948-1024x768.jpg\" data-object-fit=\"cover\" srcset=\"https:\/\/andesvolcanicaatacama.com\/wp-content\/uploads\/2025\/07\/IMG_0948-1024x768.jpg 1024w, https:\/\/andesvolcanicaatacama.com\/wp-content\/uploads\/2025\/07\/IMG_0948-300x225.jpg 300w, https:\/\/andesvolcanicaatacama.com\/wp-content\/uploads\/2025\/07\/IMG_0948-768x576.jpg 768w, https:\/\/andesvolcanicaatacama.com\/wp-content\/uploads\/2025\/07\/IMG_0948-1536x1152.jpg 1536w, https:\/\/andesvolcanicaatacama.com\/wp-content\/uploads\/2025\/07\/IMG_0948-2048x1536.jpg 2048w\" sizes=\"auto, (max-width: 1024px) 100vw, 1024px\" \/><span aria-hidden=\"true\" class=\"wp-block-cover__background has-background-dim\" style=\"background-color:#99a8ae\"><\/span><div class=\"wp-block-cover__inner-container is-layout-constrained wp-block-cover-is-layout-constrained\">\n<p><\/p>\n\n\n\n<p><\/p>\n\n\n\n<p><\/p>\n\n\n\n<p><\/p>\n\n\n\n<p><\/p>\n<\/div><\/div>\n\n\n\n<p><\/p>\n\n\n\n<p><\/p>\n\n\n\n<p><\/p>\n","protected":false},"excerpt":{"rendered":"<p>Bienvenidos! Tenemos una vasta experiencia en actividades de aventuras en la naturaleza, desde la exploraci\u00f3n de las altas cumbres andinas, recorriendo desiertos, salares, valles, bosques&#8230;<\/p>\n","protected":false},"author":1,"featured_media":0,"parent":0,"menu_order":0,"comment_status":"closed","ping_status":"closed","template":"","meta":{"footnotes":""},"class_list":["post-3105","page","type-page","status-publish"],"_links":{"self":[{"href":"https:\/\/andesvolcanicaatacama.com\/index.php?rest_route=\/wp\/v2\/pages\/3105","targetHints":{"allow":["GET"]}}],"collection":[{"href":"https:\/\/andesvolcanicaatacama.com\/index.php?rest_route=\/wp\/v2\/pages"}],"about":[{"href":"https:\/\/andesvolcanicaatacama.com\/index.php?rest_route=\/wp\/v2\/types\/page"}],"author":[{"embeddable":true,"href":"https:\/\/andesvolcanicaatacama.com\/index.php?rest_route=\/wp\/v2\/users\/1"}],"replies":[{"embeddable":true,"href":"https:\/\/andesvolcanicaatacama.com\/index.php?rest_route=%2Fwp%2Fv2%2Fcomments&post=3105"}],"version-history":[{"count":6,"href":"https:\/\/andesvolcanicaatacama.com\/index.php?rest_route=\/wp\/v2\/pages\/3105\/revisions"}],"predecessor-version":[{"id":3119,"href":"https:\/\/andesvolcanicaatacama.com\/index.php?rest_route=\/wp\/v2\/pages\/3105\/revisions\/3119"}],"wp:attachment":[{"href":"https:\/\/andesvolcanicaatacama.com\/index.php?rest_route=%2Fwp%2Fv2%2Fmedia&parent=3105"}],"curies":[{"name":"wp","href":"https:\/\/api.w.org\/{rel}","templated":true}]}}